he prime factors of a.
2, 3, 43
Let w(l) = -201*l - 5. What are the prime factors of w(-4)?
17, 47
Suppose -2*n - 3*n = -320. Suppose -k + 73 + n = 0. What are the prime factors of k?
137
Let g(l) = -l**2 - 2*l + 25. Let p be g(0). Suppose 6*w - w - 5*j = p, j + 37 = 5*w. Suppose -7*y = -w*y + 39. List the prime factors of y.
3, 13
Let o(s) = -70*s**3 - 4*s**2 - 14*s - 45. What are the prime factors of o(-3)?
3, 617
Let i = 1046 - -1104. List the prime factors of i.
2, 5, 43
Suppose 728 - 1752 = 8*l. What are the prime factors of (3 - l) + (2 - 0)?
7, 19
Let s(a) = -3*a**3 - 4*a**2 + 4*a + 13. Let i(o) = o**3 + 2*o**2 - 6*o + 4. Let k be i(-4). What are the prime factors of s(k)?
5
Suppose 4*u = -u + p + 2994, -5*p = 2*u - 1203. What are the prime factors of u?
599
Suppose -n = -6*o - 40, -12 - 13 = -5*o. Suppose 4*f + 170 = 2*m, -m - 2 + 3 = 0. Let x = f + n. What are the prime factors of x?
2, 7
Let d(x) be the second derivative of -x**3/6 - 7*x**2/2 - 10*x. Let s be d(-9). Suppose -b = -3*k - s - 2, 2*b - 8 = 5*k. List the prime factors of b.
2
Let w(b) = 10*b - 6. Suppose n = 2 - 10. Let u(p) = p**2 + 7*p - 5. Let a be u(n). What are the prime factors of w(a)?
2, 3
Suppose 0 = i + 4*r - 2*r - 215, 5*r = 0. Let b = i + -119. What are the prime factors of b?
2, 3
Let j = 3559 + -1863. What are the prime factors of j?
2, 53
Let x be (-200)/25*(1 - (1 - -40)). Let r = x - 146. What are the prime factors of r?
2, 3, 29
Suppose -23*g + 26*g - 9 = 0. Suppose -g*n + 126 + 168 = 0. List the prime factors of n.
2, 7
Suppose 0 = -2*p - 5*n + 3716, -1871 = -p - 5*n + 9*n. What are the prime factors of p?
3, 23
Let x(t) = t**3 + 9*t**2 + 3*t + 3. Let v be x(-5). Suppose 3*o + 2*p - v = 0, p - 1 = 2*p. List the prime factors of o.
2, 3, 5
Let h(i) = 52*i**3 + 6*i - 11. What are the prime factors of h(2)?
3, 139
Let k(z) = z**3 + 9*z**2 - z + 8. Let o be k(-9). Let d = o - 2. List the prime factors of d.
3, 5
Let d = 2076 - 661. List the prime factors of d.
5, 283
Suppose y + y - 10 = 0, 0 = -5*b + 2*y + 30. Let q(c) = 5*c**3 - 2*c**2 + 1. Let i be q(1). Suppose 3*p + b = i*p. What are the prime factors of p?
2
Suppose -2*a + 2665 = 3*v, 86*a = -4*v + 89*a + 3576. What are the prime factors of v?
3, 11
List the prime factors of ((-1524)/60)/((-1)/5).
127
List the prime factors of (-1)/3*(-8021 + 11)/5.
2, 3, 89
Let q(t) = -170*t - 1. Let r be q(-1). Suppose 3*b - r = 2*b. List the prime factors of b.
13
Let n = 9126 + -5934. List the prime factors of n.
2, 3, 7, 19
Suppose -5*d = -j + 567, 0*j - 2*d + 1098 = 2*j. What are the prime factors of j?
2, 3, 23
Let t = 19 - 17. Suppose 0 = -4*b + 5*b + 5*z + 13, 3*z = -t*b + 2. Suppose 0*n = -b*n + 70. What are the prime factors of n?
2, 5
Let k(p) = -2*p**3 - 8*p**2 + 8*p - 6. Let m be k(-7). Suppose 3*d = 5*s + 4*d - 598, -2*d = -2*s + m. List the prime factors of s.
7, 17
Let s(h) = h**2 + 2*h - 1. Let t be s(1). Suppose 2*b + 10 = 3*d - 0*b, 10 = 2*d + t*b. Suppose 9*y = d*y + 35. List the prime factors of y.
7
Suppose 3*i = x - 3, 0*x + 5*i = -4*x - 5. Let g be ((x - 1) + 4)*-4. Let d = g + 51. List the prime factors of d.
3, 13
Let b(d) be the third derivative of -d**6/60 - d**5/10 + d**4/4 - 2*d**3/3 - 6*d**2. What are the prime factors of b(-5)?
2, 3, 11
Let i be (9/(-15))/((-2)/(-20)). List the prime factors of 129/12*-2*i.
3, 43
Suppose 0 = 2*l + 3*z - 58 - 79, z = -2*l + 139. What are the prime factors of l?
2, 5, 7
Let k be (2 - -1)*(-342)/27. Let h = 36 - k. List the prime factors of h.
2, 37
Suppose -22 = -3*v + 8. Suppose 0 = -3*w + v + 2. Suppose x + w*a - 35 = 0, 5*x - 4*x - 5*a = 26. List the prime factors of x.
31
Let l(n) = 116*n**2 - 15*n - 22. What are the prime factors of l(-6)?
2, 1061
Let b(r) = r**3 + 10*r**2 - 17*r + 10. Let v be b(-12). Let q be (-24)/(-56) - v/7. Let l = q - 3. List the prime factors of l.
2
Let q = 2485 + -1545. What are the prime factors of q?
2, 5, 47
Let l(m) = 3*m + 1. Let b be l(-2). Let h be -50 + 0 + (-3 - b). Let q = 82 + h. What are the prime factors of q?
2, 17
Let o = -2 + 1. Let f(r) be the third derivative of -43*r**4/24 + r**3/3 + 85*r**2. What are the prime factors of f(o)?
3, 5
Suppose -16*p = -30*p + 11676. What are the prime factors of p?
2, 3, 139
Suppose -6*b + b + 35 = 0. Suppose -q + 3*n = -b, 4*q - 4*n + 3*n - 6 = 0. What are the prime factors of (8 + q - 1)/2?
2
Suppose -15*f - 7*f = -42174. What are the prime factors of f?
3, 71
List the prime factors of ((-1803)/(-9))/(1/3).
601
Let g be (-72)/54*282/(-4). Let u = 158 - g. List the prime factors of u.
2
Let m = 12 - 9. Suppose -u + 29 = -m*u - 5*g, 0 = -4*g - 20. List the prime factors of ((-248)/16)/(1/u).
31
Let l(o) = -15*o**3 - o**2 + o + 5. What are the prime factors of l(-4)?
3, 5, 7
Let o be (-394)/(-26) - (-5 - (-268)/52). Let k be 3*2*(3 + -2). Let r = o + k. What are the prime factors of r?
3, 7
Suppose 3*f - 696 = -66. Suppose -912 = -11*k + f. List the prime factors of k.
2, 3, 17
Suppose -3*k + 3*w = -1620, -3*k = -21*w + 17*w - 1616. What are the prime factors of k?
2, 17
Let a(h) = 7*h + 34. Let z be a(-10). What are the prime factors of 195/4 + z/48?
2, 3
What are the prime factors of (-1)/9*-3*1833?
13, 47
Let r be 20/11 + 4/22. Let q(g) = -g**3 + 18*g**2 - 14*g + 1. Let p be q(17). Suppose 3*l - 40 + r = -2*t, -p = -3*t - 2*l. List the prime factors of t.
2
List the prime factors of (-2 + (-9)/(-6))*(-3510 - 60).
3, 5, 7, 17
Let n be -6 + -3 + 1/(-1). Let d(z) = -z. Let s(t) = -t**2 - 9*t + 12. Let u(g) = 6*d(g) - s(g). List the prime factors of u(n).
2, 29
Let z(w) be the first derivative of 2*w**3/3 - 6*w**2 + 11*w - 13. List the prime factors of z(8).
43
Let h(f) = -59*f - 30. What are the prime factors of h(-2)?
2, 11
Let o = -11 - 1. Let a be o/(-2*2/14). Suppose 4*w - a = 2*w. What are the prime factors of w?
3, 7
Let y(f) = -5*f**2 + 2*f - 1. Let r(u) = -u**2 - 3*u + 5. Let k be r(-4). Let w be y(k). What are the prime factors of (70/(-8))/(w/16)?
5, 7
Let c(h) = h + 19. Suppose 73 = 4*d - 3. List the prime factors of c(d).
2, 19
Suppose -5*g - 4*c - 396 = 0, -4*c - 373 = 3*g - 129. Let p = 31 - g. List the prime factors of p.
107
Let z = -7 + 9. Suppose 0 = u + t + z - 4, -4 = -2*u - 5*t. Suppose -4*a - 45 = -u*q - 3*a, 27 = q + 4*a. What are the prime factors of q?
23
Let f be ((-90)/(-9))/((-4)/(-2)). Suppose 0*g - f*g - 4675 = 0. List the prime factors of g/(-35) - (-2)/7.
3
Suppose 0 = 6*p - 1507 + 91. List the prime factors of p.
2, 59
Let q = 174 + -98. What are the prime factors of q?
2, 19
Suppose w - 14 = 2*t, 0 = -5*w - 3*t + 9 - 4. Suppose -w*g = -12, 4*g - 6 = -o - 2*o. Let n(r) = 13*r**2 + 5*r + 7. List the prime factors of n(o).
7
Let b be (-2)/7 + (-439)/7. Let z = -30 - b. What are the prime factors of z?
3, 11
Let j(r) = r**3 - 16*r**2 + 14*r + 22. Let h be j(15). Suppose -n + 85 = 2*f - h*f, -2*f - 286 = -4*n. List the prime factors of n.
2, 5, 7
Let g(k) = -3*k - 3. Let h be g(-7). Let o be (48/(-8))/(2/h). List the prime factors of o/(-10) - 30/75.
5
Suppose -3*r = 3*m - 6*r - 162, m + 4*r - 69 = 0. Let y = 2 + m. List the prime factors of y.
59
Let c(o) = -2*o**3 - 6*o**2 + 2*o - 4. Let z be c(-5). Let x = z + -2. List the prime factors of x.
2, 3, 7
Let x(r) = -r**2 + 11*r + 16. Let n be x(12). Suppose 5*u - 28 = -n*s + 65, 42 = s - 5*u. Suppose -s = -2*i + 25. List the prime factors of i.
2, 13
Suppose -3*v + 456 = 117. List the prime factors of v.
113
Suppose 2*t - t - 4 = 0. Suppose -n - t*n = 0. Suppose 2*b - 22 - 14 = n. List the prime factors of b.
2, 3
Let v = 250 + -98. Suppose 0 = -2*a + 4*f + v, 3*a + 4*f = 3*f + 200. List the prime factors of a.
2, 17
List the prime factors of 101/(-1)*(-84)/42.
2, 101
Suppose -30*b + 3060 = -28*b. List the prime factors of b.
2, 3, 5, 17
Let a(x) be the first derivative of 5*x**2/2 - 41*x - 9. What are the prime factors of a(21)?
2
Let q be (-4 - (-13)/3)*18. Let h be 27/q + (-7)/(-14). Suppose -4*z + 35 + h = 0. What are the prime factors of z?
2, 5
Suppose 5 = 2*v - 1. Suppose -5*r - d = -28, -14 = -r + d + v*d. Suppose 0 = -r*b + 111 - 33. What are the prime factors of b?
13
Suppose 5*d + 2*f - 7830 = 0, 4*d - 7851 = -4*f - 1587. List the prime factors of d.
2, 3, 29
Suppose -13288 = 67*x 